221120?
12221100
In base 12, what is -575 + 10?
-565
In base 13, what is 456 - 50?
406
In base 12, what is -8b + 1a0?
111
In base 12, what is -5280b - 1?
-52810
In base 13, what is 5 - 76517?
-76512
In base 8, what is -21 + 10367?
10346
In base 13, what is 4 - -130287?
13028b
In base 8, what is 27 - 1523?
-1474
In base 9, what is 47213 + 1?
47214
In base 11, what is 39647 - 0?
39647
In base 11, what is 70a - -1035?
1744
In base 11, what is -63 - -8?
-56
In base 10, what is 34 - 114?
-80
In base 12, what is -107679a - -1?
-1076799
In base 12, what is -7701 + -4?
-7705
In base 14, what is 2 - -11ad39?
11ad3b
In base 6, what is 404 + 34432?
35240
In base 5, what is 2131 + -30?
2101
In base 8, what is 30353 + 225?
30600
In base 11, what is 148976 - -5?
148980
In base 12, what is 32 + aa89?
aabb
In base 7, what is -5 + -305203?
-305211
In base 8, what is 5716 - -1021?
6737
In base 11, what is 119 + 6876?
6994
In base 4, what is -201200232 - 10?
-201200302
In base 3, what is 1221 - -212201?
221122
In base 13, what is -30 - -99?
69
In base 16, what is -47 + -2fb?
-342
In base 4, what is 33 - -2303?
3002
In base 16, what is 9 - 1274d?
-12744
In base 5, what is 43300 - 132?
43113
In base 4, what is 203002 + 0?
203002
In base 2, what is 10101 - -10110011011?
10110110000
In base 13, what is -268 + 9?
-25c
In base 16, what is -4 - 1996?
-199a
In base 14, what is -16 + -18c75?
-18c8b
In base 14, what is -2c7 + 157?
-170
In base 16, what is -1f7 - 4b?
-242
In base 5, what is -3243103104 + 2?
-3243103102
In base 12, what is -25 + -601?
-626
In base 12, what is -b70aa + -5?
-b70b3
In base 3, what is 10212112121 + -11?
10212112110
In base 13, what is 612 - -64?
676
In base 14, what is -350bc + -4?
-350c2
In base 3, what is 110000212021 + 210?
110000220001
In base 11, what is -150 + 2588?
2438
In base 10, what is -46798 - 22?
-46820
In base 13, what is -35c38 + 5?
-35c33
In base 6, what is 2214144 + 3?
2214151
In base 2, what is -10011111 - -10010010010010?
10001111110011
In base 13, what is 789 + 113?
89c
In base 16, what is ff0 - 3?
fed
In base 11, what is 121737 - -1?
121738
In base 15, what is e9724 - 5?
e971e
In base 10, what is 337 - -13?
350
In base 11, what is -3 - 34a7?
-34aa
In base 2, what is 1110001100 - -101?
1110010001
In base 9, what is 5425 - 26?
5388
In base 13, what is -1 - 165c4?
-165c5
In base 6, what is -11 - -15410?
15355
In base 16, what is -179d2d + 1?
-179d2c
In base 3, what is 102202 + 1020012?
1122221
In base 6, what is -1450 + -401?
-2251
In base 2, what is 11011110101110 - 111?
11011110100111
In base 2, what is 1100000110111 + 11?
1100000111010
In base 11, what is 4 - -13282a?
132833
In base 7, what is 146422 - 0?
146422
In base 2, what is -1 + -11101101100000001111?
-11101101100000010000
In base 10, what is 89031 - 4?
89027
In base 5, what is -21040 + 411?
-20124
In base 15, what is -a - -26180?
26175
In base 14, what is 2 + 39b81?
39b83
In base 3, what is 202121 + -20121?
112000
In base 4, what is 10031220101 - 3?
10031220032
In base 10, what is -805 + 40?
-765
In base 6, what is -2 - -330145?
330143
In base 2, what is -11 + 1011011010101101111?
1011011010101101100
In base 4, what is -10113201103 - -1?
-10113201102
In base 4, what is 2131333132 + -11?
2131333121
In base 4, what is 0 + -11222103?
-11222103
In base 6, what is -15 + 21500?
21441
In base 7, what is -3340 - 145?
-3515
In base 2, what is 101000010 - 100100111011?
-11111111001
In base 8, what is -4623440 + -2?
-4623442
In base 3, what is 2011010211 + -22?
2011010112
In base 2, what is 11 + 110000010000000010?
110000010000000101
In base 11, what is 3a - -8a2?
931
In base 6, what is 2013311 - -4?
2013315
In base 7, what is 32305 + 2?
32310
In base 8, what is -24523631 - 0?
-24523631
In base 2, what is 1010 + 1010100101100101?
1010100101101111
In base 3, what is -1 + 12121111222?
12121111221
In base 11, what is 391635a + 5?
3916364
In base 11, what is 4912 - -3?
4915
In base 2, what is 111 - 1010001001011101001?
-1010001001011100010
In base 14, what is -11732a - -1?
-117329
In base 7, what is -2 - -3504341?
3504336
In base 12, what is -65 - -115b?
10b6
In base 9, what is 3 - 54056?
-54053
In base 7, what is 45 - 2554?
-2506
In base 3, what is 1020211 - 102102?
211102
In base 9, what is 1501 - -316?
1817
In base 14, what is 6 - -259dc?
25a04
In base 14, what is -b - 287cc?
-287d9
In base 13, what is -4 + 6458?
6454
In base 8, what is -562 + -3425?
-4207
In base 7, what is -114 + 35614?
35500
In base 6, what is 4 - -1214424?
1214432
In base 16, what is -1 - -17cb1?
17cb0
In base 5, what is 4113421 - -32?
4114003
In base 5, what is -124021 + -2?
-124023
In base 4, what is 321120220 - 3?
321120211
In base 14, what is -3 - 14955?
-14958
In base 8, what is -23 + -1372?
-1415
In base 13, what is -1b - 487?
-4a5
In base 9, what is 78 + 32887?
33076
In base 4, what is -20100 - 2?
-20102
In base 16, what is -168 - 34?
-19c
In base 8, what is -10 - 3277?
-3307
In base 3, what is -102100202 - 10?
-102100212
In base 14, what is -15d - -410?
291
In base 14, what is 6231c + -19?
62303
In base 15, what is -60 - -1d98?
1d38
In base 14, what is -39 + -3?
-3c
In base 3, what is 11102002002 + 10?
11102002012
In base 10, what is 1 + -140292?
-140291
In base 8, what is -11042 - -1437?
-7403
In base 12, what is 40 + 2a280?
2a300
In base 14, what is 3 + 34bd?
34c2
In base 8, what is 4 + -516430?
-516424
In base 9, what is -3 + 3715?
3712
In base 2, what is -111101000100 - 10100?
-111101011000
In base 14, what is -923 + -14?
-937
In base 2, what is 10110010010000000000000 - 11?
10110010001111111111101
In base 14, what is 13b + 105a?
1197
In base 15, what is -14 + 1479b?
14787
In base 3, what is -1212122220 + 10?
-1212122210
In base 15, what is 17c + 479?
606
In base 4, what is 2 + -21301322?
-21301320
In base 6, what is 0 - 1245231?
-1245231
In base 15, what is 6c6 - -10?
6d6
In base 8, what is 1350741 + -5?
1350734
In base 11, what is -132 - 563?
-695
In base 12, what is -59245 + -2?
-59247
In base 12, what is -ba + -230?
-32a
In base 15, what is 8e - 29c?
-20d
In base 6, what is 104531 - 2111?
102420
In base 6, what is 22 + -42504?
-42442
In base 12, what is 4 - -334349?
334351
In base 8, what is 12 - 2446?
-2434
In base 5, what is 34043221 - -4?
34043230
In base 14, what is a + 55d1?
55db
In base 16, what is -13c5 + 28?
-139d
In base 5, what is 102414303 - 4?
102414244
In base 2, what is 10111011001111111 + 101?
10111011010000100
In base 13, what is 0 + -1b8429?
-1b8429
In base 10, what is -2 - -40811?
40809
In base 15, what is -387c + -8?
-3885
In base 13, what is 10ab + -c1?
cba
In base 7, what is -1506502 + 3?
-1506466
In base 9, what is -156057 - 1?
-156058
In base 12, what is -6469aa + 3?
-6469a7
In base 15, what is 15 + -2?
13
In base 3, what is 100 + -222100201200?
-222100201100
In base 3, what is 12201 + 0?
12201
In base 5, what is -34230 - 11131?
-100411
In base 7, what is -112 + 2513?
2401
In base 4, what is -212113 + 121?
-211332
In base 11, what is -8033 - -2?
-8031
In base 13, what is -65 - 185b?
-18c3
In base 5, what is -4 + -101242042?
-101242101
In base 3, what is -1110210 - 222021?
-2110001
In base 16, what is 3946 - b?
393b
In base 14, what is 22b12 - -4?
22b16
In base 11, what is -a0 - -198?
a8
In base 13, what is c3 - -481?
574
In base 12, what is 2 - 59841?
-5983b
In base 12, what is -9b - -6b4?
615
In base 7, what is 523 + 200?
1023
In base 10, what is -10156 + -285?
-10441
In base 3, what is 12221 + 21202?
111200
In base 3, what is 20222 + -20201211?
-20110212
In base 15, what is -77 - 7?
-7e
In base 10, what is -331 - -7?
-324
In base 8, what is -61 - -14132?
14051
In base 10, what is 65 + 173?
238
In base 6, what is 3 - 4115?
-4112
In base 6, what is -1221 - -123?
-1054
In base 8, what is 1164 - 31?
1133
In base 16, what is -8 - 1cc2?
-1cca
In base 7, what is -3 + 1005656?
1005653
In base 4, what is -3111311221 + -11?
-3111311232
In base 14, what is -4 - 125d2?
-125d6
In base 5, what is -30 + 41103?
41023
In base 10, what is -769 - -54?
-715
In base 4, what is -11301113220 - -11?
-11301113203
In base 4, what is -133311 + 1303?
-132002
In base 4, what is 0 + 201321013?
201321013
In base 2, what is 10 + 100110100001011?
100110100001101
In base 11, what is -23237 + -6?